{"id":95,"date":"2017-08-29T18:06:21","date_gmt":"2017-08-29T18:06:21","guid":{"rendered":"http:\/\/urbisora.com\/constructora\/?page_id=95"},"modified":"2017-08-29T18:06:21","modified_gmt":"2017-08-29T18:06:21","slug":"infraestructura-hidraulica","status":"publish","type":"page","link":"https:\/\/urbisora.com\/constructora\/infraestructura-hidraulica\/","title":{"rendered":"Infraestructura Hidr\u00e1ulica"},"content":{"rendered":"\n\n<div class=\"uk-grid uk-grid-match \" data-uk-grid-match=\"{target:'> div > ul'}\" data-uk-grid-margin>\n    <div class=\"uk-width-medium-2-5\">\n        \n\n<ul class=\"uk-nav uk-nav-side\" data-uk-switcher=\"{connect:'#wk-d54',animation:'scale'}\">\n        <li><a href=\"\">Construcci\u00f3n de Canales Pluviales \/  Invernaderos de NATURE SWEET S de R L de CV.<\/a><\/li>\n<\/ul>\n\n    <\/div>\n    <div class=\"uk-width-medium-3-5\">\n        \n<ul id=\"wk-d54\" class=\"uk-switcher uk-text-left \" data-uk-check-display>\n\n    \n    <li>\n        <div class=\"uk-panel\">\n\n                        <div class=\"uk-margin uk-text-center\"><img decoding=\"async\" src=\"\/constructora\/wp-content\/uploads\/2017\/08\/image060.jpg\" class=\" uk-overlay-scale\" alt=\"Construcci\u00f3n de Canales Pluviales \/  Invernaderos de NATURE SWEET S de R L de CV.\"><\/div>\n            \n            \n            \n            \n                        <div class=\"uk-margin\">\n\n<div class=\"uk-grid-width-1-1 uk-grid-width-large-1-3 uk-grid-width-xlarge-1-3 uk-grid uk-grid-match uk-grid-small \" data-uk-grid-match=\"{target:'> div > .uk-panel', row:true}\" data-uk-grid-margin  data-uk-scrollspy=\"{cls:'uk-animation-fade uk-invisible', target:'> div > .uk-panel', delay:300}\">\n\n    \n    <div>\n    \n<div class=\"uk-panel uk-invisible\">\n\n    <div class=\"uk-panel-teaser\">\n\n        <figure class=\"uk-overlay uk-overlay-hover uk-border-rounded\">\n\n            <img loading=\"lazy\" decoding=\"async\" src=\"\/constructora\/wp-content\/plugins\/widgetkit\/cache\/image054-61c1e6f485fee124158f1c6acd898a0b.jpg\" class=\"uk-overlay-scale\" alt=\"Image054\" width=\"230\" height=\"100\">\n            \n                        <div class=\"uk-overlay-panel uk-overlay-background uk-overlay-fade\"><\/div>\n            \n                            <div class=\"uk-overlay-panel uk-overlay-icon uk-overlay-fade\"><\/div>\n            \n                                                                        <a class=\"uk-position-cover\" href=\"\/constructora\/wp-content\/uploads\/2017\/08\/image054.jpg\" data-lightbox-type=\"image\" data-uk-lightbox=\"{group:'.wk-184f'}\" ><\/a>\n                                                \n        <\/figure>\n\n    <\/div>\n\n    \n        \n        \n    \n<\/div>\n    <\/div>\n\n        \n    <div>\n    \n<div class=\"uk-panel uk-invisible\">\n\n    <div class=\"uk-panel-teaser\">\n\n        <figure class=\"uk-overlay uk-overlay-hover uk-border-rounded\">\n\n            <img loading=\"lazy\" decoding=\"async\" src=\"\/constructora\/wp-content\/plugins\/widgetkit\/cache\/image055-f73d2545a76fab2e860e8bb20adf8f7e.jpg\" class=\"uk-overlay-scale\" alt=\"Image055\" width=\"230\" height=\"100\">\n            \n                        <div class=\"uk-overlay-panel uk-overlay-background uk-overlay-fade\"><\/div>\n            \n                            <div class=\"uk-overlay-panel uk-overlay-icon uk-overlay-fade\"><\/div>\n            \n                                                                        <a class=\"uk-position-cover\" href=\"\/constructora\/wp-content\/uploads\/2017\/08\/image055.jpg\" data-lightbox-type=\"image\" data-uk-lightbox=\"{group:'.wk-184f'}\" ><\/a>\n                                                \n        <\/figure>\n\n    <\/div>\n\n    \n        \n        \n    \n<\/div>\n    <\/div>\n\n        \n    <div>\n    \n<div class=\"uk-panel uk-invisible\">\n\n    <div class=\"uk-panel-teaser\">\n\n        <figure class=\"uk-overlay uk-overlay-hover uk-border-rounded\">\n\n            <img loading=\"lazy\" decoding=\"async\" src=\"\/constructora\/wp-content\/plugins\/widgetkit\/cache\/image056-12c0c87959641f2f1f6b4bc74ebdda14.jpg\" class=\"uk-overlay-scale\" alt=\"Image056\" width=\"230\" height=\"100\">\n            \n                        <div class=\"uk-overlay-panel uk-overlay-background uk-overlay-fade\"><\/div>\n            \n                            <div class=\"uk-overlay-panel uk-overlay-icon uk-overlay-fade\"><\/div>\n            \n                                                                        <a class=\"uk-position-cover\" href=\"\/constructora\/wp-content\/uploads\/2017\/08\/image056.jpg\" data-lightbox-type=\"image\" data-uk-lightbox=\"{group:'.wk-184f'}\" ><\/a>\n                                                \n        <\/figure>\n\n    <\/div>\n\n    \n        \n        \n    \n<\/div>\n    <\/div>\n\n        \n    <div>\n    \n<div class=\"uk-panel uk-invisible\">\n\n    <div class=\"uk-panel-teaser\">\n\n        <figure class=\"uk-overlay uk-overlay-hover uk-border-rounded\">\n\n            <img loading=\"lazy\" decoding=\"async\" src=\"\/constructora\/wp-content\/plugins\/widgetkit\/cache\/image057-e9e0f9657c38eb24d04a29163880e131.jpg\" class=\"uk-overlay-scale\" alt=\"Image057\" width=\"230\" height=\"100\">\n            \n                        <div class=\"uk-overlay-panel uk-overlay-background uk-overlay-fade\"><\/div>\n            \n                            <div class=\"uk-overlay-panel uk-overlay-icon uk-overlay-fade\"><\/div>\n            \n                                                                        <a class=\"uk-position-cover\" href=\"\/constructora\/wp-content\/uploads\/2017\/08\/image057.jpg\" data-lightbox-type=\"image\" data-uk-lightbox=\"{group:'.wk-184f'}\" ><\/a>\n                                                \n        <\/figure>\n\n    <\/div>\n\n    \n        \n        \n    \n<\/div>\n    <\/div>\n\n        \n    <div>\n    \n<div class=\"uk-panel uk-invisible\">\n\n    <div class=\"uk-panel-teaser\">\n\n        <figure class=\"uk-overlay uk-overlay-hover uk-border-rounded\">\n\n            <img loading=\"lazy\" decoding=\"async\" src=\"\/constructora\/wp-content\/plugins\/widgetkit\/cache\/image058-26341e632af21456017034a0e042076e.jpg\" class=\"uk-overlay-scale\" alt=\"Image058\" width=\"230\" height=\"100\">\n            \n                        <div class=\"uk-overlay-panel uk-overlay-background uk-overlay-fade\"><\/div>\n            \n                            <div class=\"uk-overlay-panel uk-overlay-icon uk-overlay-fade\"><\/div>\n            \n                                                                        <a class=\"uk-position-cover\" href=\"\/constructora\/wp-content\/uploads\/2017\/08\/image058.jpg\" data-lightbox-type=\"image\" data-uk-lightbox=\"{group:'.wk-184f'}\" ><\/a>\n                                                \n        <\/figure>\n\n    <\/div>\n\n    \n        \n        \n    \n<\/div>\n    <\/div>\n\n        \n    <div>\n    \n<div class=\"uk-panel uk-invisible\">\n\n    <div class=\"uk-panel-teaser\">\n\n        <figure class=\"uk-overlay uk-overlay-hover uk-border-rounded\">\n\n            <img loading=\"lazy\" decoding=\"async\" src=\"\/constructora\/wp-content\/plugins\/widgetkit\/cache\/image059-1-16e7d22ec83b8f58e8189756c34e5ccd.jpg\" class=\"uk-overlay-scale\" alt=\"Image059\" width=\"230\" height=\"100\">\n            \n                        <div class=\"uk-overlay-panel uk-overlay-background uk-overlay-fade\"><\/div>\n            \n                            <div class=\"uk-overlay-panel uk-overlay-icon uk-overlay-fade\"><\/div>\n            \n                                                                        <a class=\"uk-position-cover\" href=\"\/constructora\/wp-content\/uploads\/2017\/08\/image059-1.jpg\" data-lightbox-type=\"image\" data-uk-lightbox=\"{group:'.wk-184f'}\" ><\/a>\n                                                \n        <\/figure>\n\n    <\/div>\n\n    \n        \n        \n    \n<\/div>\n    <\/div>\n\n        \n    <div>\n    \n<div class=\"uk-panel uk-invisible\">\n\n    <div class=\"uk-panel-teaser\">\n\n        <figure class=\"uk-overlay uk-overlay-hover uk-border-rounded\">\n\n            <img loading=\"lazy\" decoding=\"async\" src=\"\/constructora\/wp-content\/plugins\/widgetkit\/cache\/image060-db9e4b3f98bacc391c9f807c23f37d4e.jpg\" class=\"uk-overlay-scale\" alt=\"Image060\" width=\"230\" height=\"100\">\n            \n                        <div class=\"uk-overlay-panel uk-overlay-background uk-overlay-fade\"><\/div>\n            \n                            <div class=\"uk-overlay-panel uk-overlay-icon uk-overlay-fade\"><\/div>\n            \n                                                                        <a class=\"uk-position-cover\" href=\"\/constructora\/wp-content\/uploads\/2017\/08\/image060.jpg\" data-lightbox-type=\"image\" data-uk-lightbox=\"{group:'.wk-184f'}\" ><\/a>\n                                                \n        <\/figure>\n\n    <\/div>\n\n    \n        \n        \n    \n<\/div>\n    <\/div>\n\n        \n    <div>\n    \n<div class=\"uk-panel uk-invisible\">\n\n    <div class=\"uk-panel-teaser\">\n\n        <figure class=\"uk-overlay uk-overlay-hover uk-border-rounded\">\n\n            <img loading=\"lazy\" decoding=\"async\" src=\"\/constructora\/wp-content\/plugins\/widgetkit\/cache\/image061-e4ea2d21c0c5536097340e9c3e9ea705.jpg\" class=\"uk-overlay-scale\" alt=\"Image061\" width=\"230\" height=\"100\">\n            \n                        <div class=\"uk-overlay-panel uk-overlay-background uk-overlay-fade\"><\/div>\n            \n                            <div class=\"uk-overlay-panel uk-overlay-icon uk-overlay-fade\"><\/div>\n            \n                                                                        <a class=\"uk-position-cover\" href=\"\/constructora\/wp-content\/uploads\/2017\/08\/image061.jpg\" data-lightbox-type=\"image\" data-uk-lightbox=\"{group:'.wk-184f'}\" ><\/a>\n                                                \n        <\/figure>\n\n    <\/div>\n\n    \n        \n        \n    \n<\/div>\n    <\/div>\n\n        \n    <div>\n    \n<div class=\"uk-panel uk-invisible\">\n\n    <div class=\"uk-panel-teaser\">\n\n        <figure class=\"uk-overlay uk-overlay-hover uk-border-rounded\">\n\n            <img loading=\"lazy\" decoding=\"async\" src=\"\/constructora\/wp-content\/plugins\/widgetkit\/cache\/image062-7d49d4366ceeb431f69723ac65778778.jpg\" class=\"uk-overlay-scale\" alt=\"Image062\" width=\"230\" height=\"100\">\n            \n                        <div class=\"uk-overlay-panel uk-overlay-background uk-overlay-fade\"><\/div>\n            \n                            <div class=\"uk-overlay-panel uk-overlay-icon uk-overlay-fade\"><\/div>\n            \n                                                                        <a class=\"uk-position-cover\" href=\"\/constructora\/wp-content\/uploads\/2017\/08\/image062.jpg\" data-lightbox-type=\"image\" data-uk-lightbox=\"{group:'.wk-184f'}\" ><\/a>\n                                                \n        <\/figure>\n\n    <\/div>\n\n    \n        \n        \n    \n<\/div>\n    <\/div>\n\n        \n    <div>\n    \n<div class=\"uk-panel uk-invisible\">\n\n    <div class=\"uk-panel-teaser\">\n\n        <figure class=\"uk-overlay uk-overlay-hover uk-border-rounded\">\n\n            <img loading=\"lazy\" decoding=\"async\" src=\"\/constructora\/wp-content\/plugins\/widgetkit\/cache\/image063-512904c6f59b83375a904babe4d9d5f0.jpg\" class=\"uk-overlay-scale\" alt=\"Image063\" width=\"230\" height=\"100\">\n            \n                        <div class=\"uk-overlay-panel uk-overlay-background uk-overlay-fade\"><\/div>\n            \n                            <div class=\"uk-overlay-panel uk-overlay-icon uk-overlay-fade\"><\/div>\n            \n                                                                        <a class=\"uk-position-cover\" href=\"\/constructora\/wp-content\/uploads\/2017\/08\/image063.jpg\" data-lightbox-type=\"image\" data-uk-lightbox=\"{group:'.wk-184f'}\" ><\/a>\n                                                \n        <\/figure>\n\n    <\/div>\n\n    \n        \n        \n    \n<\/div>\n    <\/div>\n\n        \n    <div>\n    \n<div class=\"uk-panel uk-invisible\">\n\n    <div class=\"uk-panel-teaser\">\n\n        <figure class=\"uk-overlay uk-overlay-hover uk-border-rounded\">\n\n            <img loading=\"lazy\" decoding=\"async\" src=\"\/constructora\/wp-content\/plugins\/widgetkit\/cache\/image064-75ad3739e5bda857e433cb59bd37d033.jpg\" class=\"uk-overlay-scale\" alt=\"Image064\" width=\"230\" height=\"100\">\n            \n                        <div class=\"uk-overlay-panel uk-overlay-background uk-overlay-fade\"><\/div>\n            \n                            <div class=\"uk-overlay-panel uk-overlay-icon uk-overlay-fade\"><\/div>\n            \n                                                                        <a class=\"uk-position-cover\" href=\"\/constructora\/wp-content\/uploads\/2017\/08\/image064.jpg\" data-lightbox-type=\"image\" data-uk-lightbox=\"{group:'.wk-184f'}\" ><\/a>\n                                                \n        <\/figure>\n\n    <\/div>\n\n    \n        \n        \n    \n<\/div>\n    <\/div>\n\n    \n<\/div>\n\n\n<!DOCTYPE html PUBLIC \"-\/\/W3C\/\/DTD XHTML 1.0 Transitional\/\/EN\" \"http:\/\/www.w3.org\/TR\/xhtml1\/DTD\/xhtml1-transitional.dtd\">\n<html xmlns=\"http:\/\/www.w3.org\/1999\/xhtml\">\n<head>\n<meta http-equiv=\"Content-Type\" content=\"text\/html; charset=utf-8\" \/>\n<title>Untitled Document<\/title>\n<\/head>\n\n<body>\n<table width=\"100%\">\n  <tr>\n    <td><br \/>\n      <strong>2012\/13<\/strong> Construcci\u00f3n  de canales para aguas pluviales, 2\u00aa etapa (1700 m de long.)   en Santa Mar\u00eda del Oro, Nayarit. (35 has.)<br \/>\n      <strong><br \/>\n      2013<\/strong>\u00a0\u00a0Construcci\u00f3n\u00a0\u00a0de canales pluviales\u00a0en Villa de \u00c1lvarez, Colima.<br \/>\n      <br \/>\n      <strong>2013<\/strong>\u00a0\u00a0Construcci\u00f3n\u00a0\u00a0de canales pluviales\u00a0en Villa de \u00c1lvarez, Colima.<br \/>\n      <br \/>\n      <strong>2011<\/strong> Construcci\u00f3n  de  red pluvial interna,  en Santa Mar\u00eda del Oro, Nayarit. (35 has.)<br \/>\n      <br \/>\n      <strong>2011<\/strong> Construcci\u00f3n  de  canales para aguas pluviales 1\u00aa etapa (1200m de longitud),  Santa Mar\u00eda del Oro, Nayarit. (35 has.)<br \/>\n      <br \/>\n    <strong>2011<\/strong> Construcci\u00f3n  colectores y emisores pluviales de PEAD de 60 cm, 76 cm, 91 cm y 105 cm de di\u00e1metro Con una longitud total de 650 m, Santa Mar\u00eda del Oro, Nayarit. (35 has.)<\/td>\n  <\/tr>\n<\/table>\n<\/body>\n<\/html><\/div>\n            \n            \n            \n            \n            \n        <\/div>\n    <\/li>\n\n<\/ul>\n    <\/div>\n<\/div>\n\n","protected":false},"excerpt":{"rendered":"","protected":false},"author":1,"featured_media":0,"parent":0,"menu_order":0,"comment_status":"closed","ping_status":"closed","template":"","meta":{"footnotes":""},"class_list":["post-95","page","type-page","status-publish","hentry"],"_links":{"self":[{"href":"https:\/\/urbisora.com\/constructora\/wp-json\/wp\/v2\/pages\/95","targetHints":{"allow":["GET"]}}],"collection":[{"href":"https:\/\/urbisora.com\/constructora\/wp-json\/wp\/v2\/pages"}],"about":[{"href":"https:\/\/urbisora.com\/constructora\/wp-json\/wp\/v2\/types\/page"}],"author":[{"embeddable":true,"href":"https:\/\/urbisora.com\/constructora\/wp-json\/wp\/v2\/users\/1"}],"replies":[{"embeddable":true,"href":"https:\/\/urbisora.com\/constructora\/wp-json\/wp\/v2\/comments?post=95"}],"version-history":[{"count":1,"href":"https:\/\/urbisora.com\/constructora\/wp-json\/wp\/v2\/pages\/95\/revisions"}],"predecessor-version":[{"id":97,"href":"https:\/\/urbisora.com\/constructora\/wp-json\/wp\/v2\/pages\/95\/revisions\/97"}],"wp:attachment":[{"href":"https:\/\/urbisora.com\/constructora\/wp-json\/wp\/v2\/media?parent=95"}],"curies":[{"name":"wp","href":"https:\/\/api.w.org\/{rel}","templated":true}]}}